2. Let h be x(6). Suppose -3*l - 2*l = -h*z + 17, 3*l = -3*z + 36. List the prime factors of z.
11
Suppose -4*u + 24 = -12. Suppose 2*w - 5*r = 21, 3*w = 3*r + u + 18. What are the prime factors of w?
2
Suppose 0 = 3*s - 15, 0 = 5*d - 0*d - s - 50. List the prime factors of d.
11
Suppose -3 = l + 13. What are the prime factors of -13 - l - -7*1?
2, 5
Suppose -4*a + 384 = 16. List the prime factors of a.
2, 23
Let q be 150/70 + 1/(-7). Suppose -q*r + 4 + 12 = 0. Let u(b) = -b**2 + 8*b + 3. List the prime factors of u(r).
3
Suppose 0 = -4*a + 2*y - 6*y + 48, -2*y = 8. Suppose -5*i + 2 = 5*u - 18, u = -4*i + a. List the prime factors of i.
2
Suppose -5*l + 26 = -104. List the prime factors of l.
2, 13
Suppose 0 = -5*q + 4*t + 1401, 2*q + 1397 = 7*q - 3*t. List the prime factors of q.
277
Suppose j - x + 2 = 0, 7*x - 2*x = j - 10. List the prime factors of 2/(-4)*-4 - j.
7
Suppose -101 - 319 = -7*r. List the prime factors of r.
2, 3, 5
Let d(q) = q**2 - 16*q - 20. List the prime factors of d(21).
5, 17
Let c(q) = -q**3 - 6*q**2 - 4*q - 6. Let x be c(-5). Suppose -4 + 2 = -h, 5*u - 117 = -h. Let g = x + u. What are the prime factors of g?
2, 3
Let f(r) = r**2 - 5*r - 2. Let p be f(4). Let t(q) = -4*q + 4. What are the prime factors of t(p)?
2, 7
Suppose 66 + 34 = 5*k. What are the prime factors of k?
2, 5
Suppose z + 11 = -16. Let c = z - -42. What are the prime factors of c?
3, 5
Let g = 11 - 10. Suppose 14 = k + l, -g = -3*l + 2. What are the prime factors of k?
13
Let l(y) = -y**2 + y + 1. Let x(o) = 3*o**2 + 3*o - 5. Let z(m) = 4*l(m) + x(m). Let p be z(5). Suppose -3*k + p = -3. List the prime factors of k.
2
Suppose 6*u - 9 = 3*u. Suppose -105 = -5*m - 4*t, 2*t = 4*m + u - 61. List the prime factors of m.
17
Suppose -2*f = 2*f + 5*r - 23, 5*r - 21 = -3*f. What are the prime factors of 3 - (-1*21 + f)?
2, 11
Let g(d) = 13*d - 3. Let s be g(2). Suppose 0*c - 44 = 4*c. Let u = s + c. List the prime factors of u.
2, 3
Let n(p) = -p - 5. List the prime factors of n(-12).
7
Let d(r) = r**2 + 7. Let j be d(0). Let g = j + -3. Suppose 2*x + 31 = 6*x - 3*s, 2*x + g*s = -12. List the prime factors of x.
2
Let d(c) = c**3 - 2*c**2 + 2*c - 1. Let z be d(5). List the prime factors of (z/(-15))/((-2)/10).
2, 7
Suppose -5*z + 84 = -t, -2*z - 2*z - 3*t = -71. What are the prime factors of z?
17
Let y(n) = n**3 + 7*n**2 + 5*n + 2. List the prime factors of y(-6).
2
Suppose 4*d - 2*b - 17 = -b, 5*d - b = 20. Suppose -3*a = 4*y - 36, -2*y - y + 27 = -d*a. What are the prime factors of y?
3
Suppose -2*r + 0*l + 4*l = -12, r - 5*l = 9. Suppose 5 = 3*k - r. Suppose -4*t = 3*n - 30 - k, -n - t + 10 = 0. List the prime factors of n.
7
Let g = -92 + 155. List the prime factors of g.
3, 7
Suppose -245 + 30 = -5*y + 5*p, -p = -5*y + 231. What are the prime factors of y?
47
Let j(r) be the second derivative of -r**5/20 - 5*r**4/12 + r**3 + 9*r**2/2 + 2*r. List the prime factors of j(-6).
3
Suppose -3*r + r - 2 = 0, -4*s + 4*r + 188 = 0. Let t = -29 + s. List the prime factors of t.
17
Let m(i) = i**3 + 4*i**2 - 6*i + 3. Let s(z) = -5*z**2 - 2*z + 2. Let x be s(1). What are the prime factors of m(x)?
2
Let n(l) = 3*l + 5. Let d be n(9). Let a = d - -7. What are the prime factors of a?
3, 13
Suppose -74 = -f - r, -62 = 2*f - 3*f - 5*r. List the prime factors of f.
7, 11
Let n be 3/3 + -3 + 143. Let m be n/(-27) + (-6)/(-27). List the prime factors of -10*(16/m + 2).
2, 3
Let s(y) = -y**3 + 11*y**2 + 18*y - 12. What are the prime factors of s(12)?
2, 3, 5
Let l(u) = 4*u**2 + 8*u - 1. List the prime factors of l(-4).
31
Let w = 7 + -3. Suppose 0 = -w*b + 2*b. Suppose -5*a + 4*m + 30 = b, 7*a + 2*m = 2*a. List the prime factors of a.
2
Let d(c) = -9*c - 12. List the prime factors of d(-4).
2, 3
Suppose -2*g + 16 = -5*a, -4*g + g - 2*a + 5 = 0. Suppose -g*l + 19 = -i - 24, -5 = 5*i. What are the prime factors of l?
2, 7
What are the prime factors of (-25)/10*(-2 - 16)?
3, 5
Suppose 4*p + 15 = 5*l - 0, 0 = -4*p - l + 3. List the prime factors of 7 - (-4)/12*p.
7
Let d be 0/(-1 - 2) + -23. Let h = 0 + d. Let o = -15 - h. List the prime factors of o.
2
Let t be ((-12)/2)/3 - -34. Suppose 0*s - t = -2*s. What are the prime factors of s?
2
Let h(n) = -n**2 - n + 28. What are the prime factors of h(0)?
2, 7
Suppose 0*b = -b. Let o = b - -2. What are the prime factors of (-3)/(2/(-4)*o)?
3
Suppose 0 = -q - 3*n + 45, 0*n - 2*n = -3*q + 102. Suppose -b = -4*b + q. Suppose b = 5*i - 68. What are the prime factors of i?
2
Let m(o) = 4*o**2 + 1. List the prime factors of m(-3).
37
List the prime factors of 3*2/(12/122).
61
Suppose -5*c + 31 - 1 = 0. Let f(x) = -x**3 + 8*x**2 - 6*x - 7. Let a be f(c). Suppose -4*o - 2 + a = p, -5*p = -o + 33. List the prime factors of o.
2
List the prime factors of 1/2 - 5/(-2).
3
Let m = -69 + 237. What are the prime factors of m?
2, 3, 7
Let p = 8 - 3. Let z(c) = 2*c**2 - 8*c + 3. List the prime factors of z(p).
13
Let p(y) = -6*y - 2. Let w be p(-5). Suppose 4*g + 4*m - w = 0, -2*g = -5*g + 3*m + 15. What are the prime factors of g?
2, 3
Let c = 18 + -8. List the prime factors of c.
2, 5
Suppose -t - 2 = 0, 4*d + 0*t + 4*t = -20. Let l = 4 - d. What are the prime factors of l?
7
Suppose -222 = 3*n + 3*i, -4*n - 229 = -n - 4*i. Let t = n + 120. Suppose -6*v = -v - t. What are the prime factors of v?
3
Let z be 2/(-5) - 43/5. What are the prime factors of (7 - 3)/((-2)/z)?
2, 3
Suppose 2*d = -10, 4*p - p = -4*d - 14. Suppose 72 - 24 = p*s. What are the prime factors of s?
2, 3
Suppose -5*d + 5*j = -1055, 2*d - 4*j + 212 = 642. What are the prime factors of d?
3, 23
Suppose 2*v - 4*m = -0*v - 4, 6 = -2*v + 5*m. Suppose -2*g - 1 + 2 = 3*b, g + b = v. Let k(r) = -r**2 + 7*r - 5. List the prime factors of k(g).
5
Suppose 5*l + d = 330, -d - 206 = -2*l - l. List the prime factors of l.
67
Let q = 8 + -8. Suppose 0 = -2*l - 5*b + 43 - q, -5*l = 3*b - 117. What are the prime factors of l?
2, 3
Let m(p) = p. Let b be m(-3). Let l be (1 - (-21)/(-9))*b. Suppose 0*d = 4*u + 2*d - 32, l*d - 34 = -5*u. What are the prime factors of u?
2, 5
Let o(t) = -1. Let p(k) = k**2 - 6*k - 6. Let g(f) = 5*o(f) - p(f). Suppose -6 = -4*h - 2*u, 4*u = -5*h + 4*h - 9. List the prime factors of g(h).
2, 5
Suppose 2*r + 0*g + 4*g - 42 = 0, 5*g = 3*r - 19. What are the prime factors of r?
13
Let q = -22 + 32. Suppose -2*w + q = -w - 3*x, -3*w + x = -38. What are the prime factors of w?
13
Suppose -244 = -5*f - 79. What are the prime factors of f?
3, 11
Suppose -5*k + 13 = -2. Suppose k*w = -0*w. Suppose w = 4*p - 3*p - 12. List the prime factors of p.
2, 3
Let j be ((-12)/8)/(6/(-8)). Suppose -35 = -j*i - 9. What are the prime factors of i?
13
Let v(u) = -u**3 - 8*u**2 - 2*u + 8. Let l be v(-8). Let z = l + -12. What are the prime factors of z?
2, 3
Let j(y) = 2*y - 10*y + 11 - 7*y**2 + 8*y**2. List the prime factors of j(9).
2, 5
Let u(b) = -5*b - 1. Let t be u(1). Let s = t + 10. Let c = s - 2. What are the prime factors of c?
2
What are the prime factors of 36/90 + (-326)/(-10)?
3, 11
Let g = 8 + -4. Suppose 5*x + 3*t - 5*t = 239, -g*t = -4*x + 184. Suppose 0 = -k - 5*b + 41, 2*k + 2*k - 3*b = x. List the prime factors of k.
2
What are the prime factors of (-54)/(-4) + (-24)/16?
2, 3
Let k be (-3)/(-6)*14 + -3. Let v be (-27)/6*k/6. List the prime factors of v/(18/(-22))*3.
11
Let l = -3 - -7. Suppose l*d - 2*d = 44. What are the prime factors of d?
2, 11
Let d(h) = -7*h - 10. List the prime factors of d(-21).
137
Let s = 4 + -1. Suppose -5*r = -5, 0*q = q - s*r - 15. What are the prime factors of q?
2, 3
Let s(p) = -p**2 + 7*p + 3. Let y be s(-8). What are the prime factors of ((-2)/(-6))/((-13)/y)?
3
Let v = 130 - 127. What are the prime factors of v?
3
Let u be 1/(-6) - 1/(-6). Suppose -a + 4 + u = 0. What are the prime factors of a?
2
Let i(l) = l**3 - l**2 - l. Let o be i(2). Suppose -5 = v, -o*v = -u - 0*u + 13. What are the prime factors of u?
3
Let i(r) = -r**3 - 5*r**2 - 4*r - 4. Let n be i(-4). Let u = 1 - n. Suppose 0*k = -u*k + c + 37, k + 2*c = 3. List the prime factors of k.
7
Let u(a) be the second derivative of 3*a**4/4 + a**2/2 + 6*a. What are the prime factors of u(2)?
37
Let w(q) = q**3 + 8*q**2 + 6*q - 2. Suppose 1 = 3*u + 19. What are the prime factors of 